In base 8, what is -112 - -1405?
1273
In base 10, what is 10 - -7633?
7643
In base 8, what is 4 - 102030?
-102024
In base 2, what is 1001111100101110 + -101?
1001111100101001
In base 15, what is 6 - 4937?
-4931
In base 2, what is -1001 - -110110100110?
110110011101
In base 4, what is 2230 + -12011301?
-12003011
In base 8, what is -5 + -14643?
-14650
In base 3, what is 10 - -211222?
212002
In base 10, what is 110460 + -4?
110456
In base 6, what is -12 - 10340?
-10352
In base 4, what is 20 + 12010?
12030
In base 13, what is 2 - 12a721?
-12a71c
In base 12, what is 7a1 - -49?
82a
In base 5, what is 32134 - -212?
32401
In base 12, what is 3 + 22b290?
22b293
In base 13, what is -8 - -2961c?
29614
In base 15, what is 73 + 6385?
6408
In base 5, what is 24 - -1122233?
1122312
In base 8, what is 2 - -77427?
77431
In base 14, what is -58dbb6 + -5?
-58dbbb
In base 5, what is -2 - 1413103?
-1413110
In base 3, what is -120200102 + -12222?
-120220101
In base 5, what is -11101023 + -3?
-11101031
In base 8, what is 3775 + -1?
3774
In base 10, what is 51248 + 41?
51289
In base 9, what is 2 + 6631?
6633
In base 13, what is 85a4 + 1?
85a5
In base 7, what is -32115 - 2?
-32120
In base 7, what is -34 + 3435?
3401
In base 5, what is 44212 + -422?
43240
In base 6, what is -434024 + 3?
-434021
In base 7, what is -536 - 2436?
-3305
In base 15, what is 4d3a + 15?
4d50
In base 8, what is -102 + -34403?
-34505
In base 4, what is -2112 - 3011?
-11123
In base 7, what is 305 - -46?
354
In base 13, what is -280 - 5?
-285
In base 11, what is 119a57 - 0?
119a57
In base 12, what is -137 - 101?
-238
In base 5, what is 1244310120 - 10?
1244310110
In base 15, what is 82 + 18db?
196d
In base 9, what is 14843 + -10?
14833
In base 8, what is 244027 - 73?
243734
In base 5, what is 20 - -323302?
323322
In base 11, what is 22195 + 0?
22195
In base 5, what is -2 - 12211143?
-12211200
In base 6, what is 3 - 121523?
-121520
In base 14, what is 13254c + 3?
132551
In base 4, what is 133013 - 0?
133013
In base 10, what is 37449 - -1?
37450
In base 12, what is -7 + 1b35?
1b2a
In base 15, what is -1 + d336?
d335
In base 12, what is 5 + -19408?
-19403
In base 12, what is 3b - 26?
15
In base 6, what is -4325453 - 0?
-4325453
In base 11, what is -1246 + -a5?
-1340
In base 2, what is 11101001111 - -1?
11101010000
In base 2, what is -110111 + -11011001111?
-11100000110
In base 14, what is 18cb95 + -3?
18cb92
In base 9, what is -188161 - -5?
-188155
In base 12, what is -11 - -1400?
13ab
In base 14, what is 25 + -6c05?
-6bc0
In base 11, what is -35a0 - 29?
-3619
In base 3, what is 1100 + 21210211?
21212011
In base 14, what is -2 + 558a1?
5589d
In base 6, what is 2300 + -523?
1333
In base 6, what is 4 + 3321312?
3321320
In base 10, what is 18 + -33?
-15
In base 6, what is -3 - -235512?
235505
In base 13, what is 7b6 - 1c0?
5c6
In base 15, what is -105 + -d4?
-1d9
In base 14, what is -275a84 + -5?
-275a89
In base 13, what is 3 + 940c?
9412
In base 14, what is 1225 - -7?
122c
In base 13, what is -2113 + -6?
-2119
In base 11, what is 224 + 1076?
129a
In base 16, what is a - 36f1?
-36e7
In base 2, what is -101 + 111111110101010?
111111110100101
In base 12, what is -32 + -488?
-4ba
In base 13, what is -7 - -130a3?
13099
In base 9, what is 72576 - 4?
72572
In base 5, what is 1231344004 - 10?
1231343444
In base 10, what is 9 - 271935?
-271926
In base 6, what is -1133353 - 11?
-1133404
In base 8, what is -550 + -170?
-740
In base 7, what is -16534 + -41?
-16605
In base 12, what is -1466 - -76?
-13b0
In base 2, what is -100011101 - 10100101?
-111000010
In base 11, what is -a + -15701?
-15710
In base 9, what is -11 - 560?
-571
In base 2, what is 111 + 1010110001100100?
1010110001101011
In base 3, what is -211011022 + 12?
-211011010
In base 7, what is -10 + -53026?
-53036
In base 6, what is 200045 - 234?
155411
In base 9, what is -36484 - -4?
-36480
In base 3, what is 12 - -102012100?
102012112
In base 13, what is 673a0 + 6?
673a6
In base 3, what is 11111 - 101001?
-12120
In base 5, what is 13412000 - 3?
13411442
In base 10, what is 5 - -1909?
1914
In base 10, what is 3 + -206024?
-206021
In base 10, what is -9963 - 198?
-10161
In base 4, what is 2 - -311023?
311031
In base 15, what is -116d8 - 2?
-116da
In base 13, what is -1626842 - -2?
-1626840
In base 13, what is 2 - 1c866?
-1c864
In base 16, what is -301 + -8?
-309
In base 11, what is 1 + -294659?
-294658
In base 6, what is -31 + 20412?
20341
In base 2, what is 10000 - -100100001?
100110001
In base 5, what is -10 + -21443?
-22003
In base 2, what is -100010 - -100110000010110?
100101111110100
In base 4, what is -10 - 2130331?
-2131001
In base 5, what is -1213 - 224?
-1442
In base 13, what is -3 + b20b9?
b20b6
In base 6, what is -2223001 - -3?
-2222554
In base 7, what is 243 + -55414?
-55141
In base 10, what is 1810465 - -2?
1810467
In base 10, what is 1 + 20162?
20163
In base 12, what is 915218 - 1?
915217
In base 10, what is 64 - -182?
246
In base 7, what is -140 - 2555?
-3025
In base 16, what is 2f1d00 + -5?
2f1cfb
In base 12, what is -b0 + -6280?
-6370
In base 15, what is -64 + 4662?
45ed
In base 3, what is -11111012 - 110?
-11111122
In base 10, what is -5 + -1599326?
-1599331
In base 9, what is 636813 - 10?
636803
In base 11, what is 186076 - 1?
186075
In base 16, what is -7b159 + 1?
-7b158
In base 13, what is -2a9a + -b6?
-2b83
In base 10, what is -190 - 5290?
-5480
In base 12, what is 26 + 11704?
1172a
In base 11, what is 61474 - 6?
61469
In base 15, what is 17 - 1e8a?
-1e73
In base 5, what is -140 + -1024424?
-1030114
In base 12, what is -ab538 + -11?
-ab549
In base 10, what is -72 - -3786?
3714
In base 8, what is -120 + -1207?
-1327
In base 7, what is 13203143 + -2?
13203141
In base 12, what is a1a + -83?
957
In base 6, what is -3423 - 1?
-3424
In base 5, what is 2 - -3323141?
3323143
In base 10, what is -374 + -1273?
-1647
In base 8, what is -1564 - 563?
-2347
In base 8, what is -1 + -117621?
-117622
In base 13, what is 79776 + -5?
79771
In base 9, what is 2464 + -81?
2373
In base 5, what is 4122142 - 23?
4122114
In base 13, what is -6 - 281540?
-281546
In base 4, what is 103011022 - 22?
103011000
In base 2, what is 101 + 10011001111001111111?
10011001111010000100
In base 9, what is -4 - -38607?
38603
In base 13, what is -139 - 690?
-7c9
In base 7, what is -513521 - 5?
-513526
In base 3, what is 12110 - 10111100?
-10021220
In base 5, what is 1442 + 4113?
11110
In base 9, what is -1 - 106135?
-106136
In base 8, what is 475111 - 5?
475104
In base 12, what is -5 + 28b36?
28b31
In base 13, what is -1aa33 + 4?
-1aa2c
In base 6, what is -12 - 10102043?
-10102055
In base 13, what is -1243 + 1a?
-1226
In base 3, what is -21211202 - -11021?
-21200111
In base 9, what is 27267 + 5?
27273
In base 12, what is -64 + 177?
113
In base 3, what is -212121 - 10102102?
-11022000
In base 16, what is -254b5 - -1?
-254b4
In base 9, what is -40 + -14150?
-14200
In base 2, what is -1000111000000011 + 11010?
-1000110111101001
In base 2, what is 1011 - 101111101001?
-101111011110
In base 2, what is 1101110100 + -10000?
1101100100
In base 2, what is -10101101101010 - -1?
-10101101101001
In base 7, what is -310114 + 4?
-310110
In base 2, what is -1111001 + -10000000001?
-10001111010
In base 2, what is -110 - -111010001010110001?
111010001010101011
In base 2, what is -10010 + -1011001111?
-1011100001
In base 14, what is 26b09 + -16?
26ad3
In base 8, what is 4 - -101126?
101132
In base 7, what is -252 + -1352?
-1634
In base 13, what is -18 - -91?
76
In base 12, what is -1 - 123a3?
-123a4
In base 2, what is 111111011010100101 + 11?
111111011010101000
In base 2, what is 10110101 - -110111001?
1001101110
In base 13, what is -290b + 3a?
-28a1
In base 12, what is -19 - -9a1?
984
In base 4, what is 3122 + 10013103?
10022231
In base 5, what is 14 + 22100301?
22100320
In base 10, what is 130 + 118?
248
In base 4, what is -12 - -21200?
21122
In base 11, what is 3 + 3576a?
35772
In base 6, what is 223 - 1225?
-1002
In base 11, what is -4297 + 64?
-4233
In base 15, what is 281 - -1c?
29d
In base 14, what is -6 + -172c1?
-172c7
In base 2, what is -10111011 + -111110?
-11111001
In base 10, what is 1288 + 3547?
4835
In base 11, what is 203 - 144a?
-1247
In base 5, what is -1041 + 2223?
1132